{"version":"1.0","provider_name":"Blog de Cronoshare","provider_url":"https:\/\/www.cronoshare.com\/blog","author_name":"Reformayuda","author_url":"https:\/\/www.cronoshare.com\/blog\/author\/reformayuda\/","title":"Motivos por los que embarcarte en una reforma","type":"rich","width":600,"height":338,"html":"<blockquote class=\"wp-embedded-content\" data-secret=\"SKnHMKMwBz\"><a href=\"https:\/\/www.cronoshare.com\/blog\/motivos-por-los-que-embarcarte-en-una-reforma\/\">Motivos por los que embarcarte en una reforma<\/a><\/blockquote><iframe sandbox=\"allow-scripts\" security=\"restricted\" src=\"https:\/\/www.cronoshare.com\/blog\/motivos-por-los-que-embarcarte-en-una-reforma\/embed\/#?secret=SKnHMKMwBz\" width=\"600\" height=\"338\" title=\"\u00abMotivos por los que embarcarte en una reforma\u00bb \u2014 Blog de Cronoshare\" data-secret=\"SKnHMKMwBz\" frameborder=\"0\" marginwidth=\"0\" marginheight=\"0\" scrolling=\"no\" class=\"wp-embedded-content\"><\/iframe><script type=\"text\/javascript\">\n\/*! This file is auto-generated *\/\n!function(c,d){\"use strict\";var e=!1,o=!1;if(d.querySelector)if(c.addEventListener)e=!0;if(c.wp=c.wp||{},c.wp.receiveEmbedMessage);else if(c.wp.receiveEmbedMessage=function(e){var t=e.data;if(!t);else if(!(t.secret||t.message||t.value));else if(\/[^a-zA-Z0-9]\/.test(t.secret));else{for(var r,s,a,i=d.querySelectorAll('iframe[data-secret=\"'+t.secret+'\"]'),n=d.querySelectorAll('blockquote[data-secret=\"'+t.secret+'\"]'),o=new RegExp(\"^https?:$\",\"i\"),l=0;l<n.length;l++)n[l].style.display=\"none\";for(l=0;l<i.length;l++)if(r=i[l],e.source!==r.contentWindow);else{if(r.removeAttribute(\"style\"),\"height\"===t.message){if(1e3<(s=parseInt(t.value,10)))s=1e3;else if(~~s<200)s=200;r.height=s}if(\"link\"===t.message)if(s=d.createElement(\"a\"),a=d.createElement(\"a\"),s.href=r.getAttribute(\"src\"),a.href=t.value,!o.test(a.protocol));else if(a.host===s.host)if(d.activeElement===r)c.top.location.href=t.value}}},e)c.addEventListener(\"message\",c.wp.receiveEmbedMessage,!1),d.addEventListener(\"DOMContentLoaded\",t,!1),c.addEventListener(\"load\",t,!1);function t(){if(o);else{o=!0;for(var e,t,r,s=-1!==navigator.appVersion.indexOf(\"MSIE 10\"),a=!!navigator.userAgent.match(\/Trident.*rv:11\\.\/),i=d.querySelectorAll(\"iframe.wp-embedded-content\"),n=0;n<i.length;n++){if(!(r=(t=i[n]).getAttribute(\"data-secret\")))r=Math.random().toString(36).substr(2,10),t.src+=\"#?secret=\"+r,t.setAttribute(\"data-secret\",r);if(s||a)(e=t.cloneNode(!0)).removeAttribute(\"security\"),t.parentNode.replaceChild(e,t);t.contentWindow.postMessage({message:\"ready\",secret:r},\"*\")}}}}(window,document);\n<\/script>\n","description":"Con la llegada de la crisis econ\u00f3mica, donde antes se ve\u00eda un problema irreparable, ahora se ven posibilidades de reparaci\u00f3n. No a todo el mundo le suena el concepto de obsolescencia programada, pero s\u00ed habr\u00e1n notado una notable disminuci\u00f3n del tiempo de vida de sus aparatos electr\u00f3nicos. Se trata de dise\u00f1ar los productos para que [&hellip;]"}

Con la llegada de la crisis económica, donde antes se veía un problema irreparable, ahora se ven posibilidades de reparación. No a todo el mundo le suena el concepto de obsolescencia programada, pero sí habrán notado una notable disminución del tiempo de vida de sus aparatos electrónicos. Se trata de diseñar los productos para que [&hellip;]
